 factor of 81254?
False
Is 158 a factor of 2148403?
False
Is 17820 a multiple of 324?
True
Is 824 a factor of 606215?
False
Does 39 divide 279482?
False
Does 13 divide 3975197?
False
Is 19 a factor of 27094?
True
Is 6969620 a multiple of 14?
True
Is 118 a factor of 330872?
True
Does 4 divide 1107838?
False
Is 35884764 a multiple of 1916?
True
Is 3 a factor of 1497364?
False
Does 559 divide 1110174?
True
Does 8 divide 1076272?
True
Does 451 divide 369820?
True
Does 9 divide 5688?
True
Is 1530 a factor of 2022660?
True
Is 483 a factor of 8242878?
True
Is 27 a factor of 1494330?
False
Is 46 a factor of 4265299?
False
Does 27 divide 7106464?
False
Is 250 a factor of 395379?
False
Is 763976 a multiple of 74?
True
Is 345230 a multiple of 79?
True
Is 14839 a multiple of 8?
False
Does 18 divide 318888?
True
Is 816681 a multiple of 9?
False
Is 1477229 a multiple of 6?
False
Is 188850 a multiple of 75?
True
Does 316 divide 93220?
True
Does 230 divide 1417874?
False
Is 547 a factor of 31393971?
True
Is 12 a factor of 112808?
False
Is 698610 a multiple of 33?
True
Does 4 divide 1141989?
False
Does 824 divide 2294888?
False
Is 217 a factor of 1577156?
True
Does 127 divide 197610?
False
Does 164 divide 1789594?
False
Is 2190111 a multiple of 627?
True
Does 153 divide 457998?
False
Does 186 divide 2569480?
False
Is 1863405 a multiple of 645?
True
Is 2806 a multiple of 23?
True
Is 177 a factor of 277236?
False
Is 85640 a multiple of 5?
True
Is 691496 a multiple of 13?
True
Is 7 a factor of 4214?
True
Does 22 divide 207130?
True
Is 25 a factor of 15675?
True
Does 701 divide 904458?
False
Is 129 a factor of 2526594?
True
Is 315882 a multiple of 18?
True
Is 551304 a multiple of 456?
True
Is 242 a factor of 6198830?
True
Is 12737658 a multiple of 282?
True
Is 1041107 a multiple of 28?
False
Does 16 divide 218512?
True
Does 10 divide 348978?
False
Is 5632449 a multiple of 196?
False
Does 20 divide 415580?
True
Is 8 a factor of 8874?
False
Does 36 divide 451119?
False
Does 88 divide 19893720?
True
Does 68 divide 44268?
True
Does 26 divide 83888?
False
Is 347 a factor of 4079282?
False
Does 17 divide 118319?
False
Is 52592 a multiple of 2?
True
Is 482 a factor of 9461178?
True
Does 309 divide 1612980?
True
Is 4010195 a multiple of 32?
False
Does 72 divide 2162207?
False
Is 13545 a multiple of 35?
True
Is 461783 a multiple of 745?
False
Is 2 a factor of 16593?
False
Is 1033 a factor of 1092510?
False
Is 207 a factor of 1124894?
False
Is 14 a factor of 2975658?
True
Is 67354 a multiple of 101?
False
Is 7 a factor of 42518?
True
Is 146554 a multiple of 9?
False
Is 9 a factor of 377334?
True
Is 1723274 a multiple of 23?
False
Is 14553703 a multiple of 1588?
False
Does 160 divide 4749124?
False
Does 17 divide 160948?
False
Is 28 a factor of 202529?
False
Is 269 a factor of 63753?
True
Is 382180 a multiple of 18?
False
Is 62408 a multiple of 116?
True
Is 625568 a multiple of 226?
True
Does 187 divide 381106?
True
Is 13 a factor of 182169?
True
Is 96014 a multiple of 27?
False
Is 622597 a multiple of 42?
False
Is 1995806 a multiple of 3?
False
Is 6 a factor of 35115?
False
Is 52 a factor of 4044?
False
Is 314769 a multiple of 50?
False
Is 207 a factor of 3522617?
False
Does 217 divide 196921?
False
Is 61248 a multiple of 16?
True
Is 10 a factor of 109576?
False
Is 78374 a multiple of 3?
False
Does 3 divide 36612?
True
Is 24 a factor of 2081400?
True
Does 103 divide 377804?
True
Does 10 divide 1305340?
True
Is 21 a factor of 205956?
False
Is 54 a factor of 9259349?
False
Does 316 divide 671500?
True
Is 6 a factor of 543742?
False
Does 14 divide 14357?
False
Does 60 divide 419580?
True
Is 4686200 a multiple of 40?
True
Is 523215 a multiple of 544?
False
Is 1659290 a multiple of 213?
False
Is 182981 a multiple of 65?
False
Is 13 a factor of 15650?
False
Does 54 divide 54130?
False
Is 54511 a multiple of 19?
True
Is 534 a factor of 102112?
False
Is 16 a factor of 79264?
True
Is 2137671 a multiple of 243?
True
Does 14 divide 158485?
False
Is 11 a factor of 467420?
False
Does 374 divide 7189783?
False
Is 1854171 a multiple of 14?
False
Is 478416 a multiple of 153?
False
Does 12 divide 1539050?
False
Is 80 a factor of 574376?
False
Is 30740 a multiple of 58?
True
Is 78008 a multiple of 87?
False
Is 6 a factor of 782334?
True
Is 56 a factor of 859096?
True
Does 580 divide 94540?
True
Is 8 a factor of 129064?
True
Is 865152 a multiple of 48?
True
Is 263340 a multiple of 532?
True
Is 73 a factor of 2312068?
False
Is 2216866 a multiple of 118?
True
Is 8788 a multiple of 59?
False
Is 54 a factor of 1535106?
False
Does 33 divide 2467245?
True
Is 3 a factor of 1296?
True
Is 430 a factor of 13123600?
True
Does 10 divide 431050?
True
Is 2000 a multiple of 4?
True
Does 537 divide 3950709?
True
Is 24627920 a multiple of 20?
True
Is 14885 a multiple of 79?
False
Is 11 a factor of 1447745?
False
Is 3 a factor of 472637?
False
Does 367 divide 1250547?
False
Is 13 a factor of 290568?
False
Does 52 divide 328900?
True
Is 25560 a multiple of 18?
True
Does 6 divide 124840?
False
Is 8749320 a multiple of 15?
True
Is 150926 a multiple of 193?
True
Is 16 a factor of 337788?
False
Is 1646518 a multiple of 14?
False
Does 13 divide 7205144?
False
Is 31 a factor of 42370?
False
Is 653205 a multiple of 15?
True
Does 14 divide 320969?
False
Does 164 divide 79436?
False
Does 12 divide 773316?
True
Is 9 a factor of 1794141?
True
Is 11 a factor of 309551?
True
Does 41 divide 110249?
True
Does 554 divide 12958017?
False
Does 19 divide 3155323?
False
Is 294 a factor of 481866?
True
Does 25 divide 130788?
False
Is 331734 a multiple of 6?
True
Is 10 a factor of 1189915?
False
Is 43 a factor of 430?
True
Is 4 a factor of 28863?
False
Is 887644 a multiple of 41?
False
Is 256625 a multiple of 16?
False
Does 417 divide 167468?
False
Does 111 divide 11763548?
False
Does 51 divide 1060392?
True
Is 119 a factor of 124424?
False
Is 647922 a multiple of 72?
False
Is 13 a factor of 472602?
True
Does 7 divide 263974?
False
Does 97 divide 1003077?
True
Is 3118791 a multiple of 113?
False
Does 901 divide 17919088?
True
Does 6 divide 6253401?
False
Does 7 divide 52374?
True
Is 364 a factor of 499901?
False
Is 5 a factor of 19355?
True
Is 262 a factor of 5352136?
True
Is 13 a factor of 32058?
True
Is 41 a factor of 3973023?
True
Does 5 divide 21780?
True
Does 2 divide 9028?
True
Does 9 divide 142873?
False
Is 222029 a multiple of 8?
False
Is 2036300 a multiple of 20?
True
Is 51 a factor of 3147?
False
Does 269 divide 60794?
True
Is 2517690 a multiple of 665?
True
Is 731850 a multiple of 714?
True
Is 4408573 a multiple of 772?
False
Is 11 a factor of 25349?
False
Is 19263 even?
False
Is 147 a factor of 43071?
True
Does 85 divide 753185?
True
Is 22188 a multiple of 7?
False
Is 107240 a multiple of 40?
True
Is 1042 a factor of 39653?
False
Is 30 a factor of 1911745?
False
Is 2 a factor of 25185?
False
Is 775905 a multiple of 39?
True
Is 189 a factor of 180956?
False
Is 15 a factor of 330480?
True
Is 33 a factor of 40029?
True
Is 11 a factor of 69960?
True
Is 15 a factor of 797818?
False
Is 5 a factor of 3148960?
True
Does 2 divide 188809?
False
Is 15 a factor of 110082?
False
Is 1077916 a multiple of 224?
False
Is 444 a factor of 9244524?
True
Is 1535 a factor of 17377735?
True
Does 133 divide 105915?
False
Is 524551 a multiple of 12?
False
Is 1905162 a multiple of 698?
False
Is 118218 a multiple of 38?
True
Is 10615411 a multiple of 11?
False
Does 90 divide 1801910?
False
Does 1723 divide 12036878?
True
Is 23150 a multiple of 13?
False
Is 455 a factor of 22318?
False
Is 60712 a multiple of 8?
True
Is 555 a factor of 2089869?
False
Does 226 divide 6793786?
True
Does 9 divide 9237550?
False
Is 82166 a multiple of 7?
True
Does 13 divide 812053?
False
Is 1257417 a multiple of 63?
True
Does 125 divide 91079?
False
Is 308 a factor of 3014660?
False
Is 53843 a multiple of 23?
True
Is 5 a factor of 184835?
True
Does 111 divide 223872?
False
Is 1889146 a multiple of 74?
True
Is 546398 a multiple of 4?
False
Does 64 divide 8143940?
False
Is 25255197 a multiple of 213?
True
Does 106 divide 1313976?
True
Is 86 a factor of 14653196?
True
Is 30 a factor of 927390?
True
Is 450529 a multiple of 6?
False
Does 11 divide 281567?
True
Is 241992